{"version":"1.0","provider_name":"Crisis Discourse Blog","provider_url":"https:\/\/www.crisis-discourse.net\/de\/","author_name":"Stefan Hohenberger","author_url":"https:\/\/www.crisis-discourse.net\/de\/author\/indy\/","title":"Crisis and exceptionality - Crisis Discourse Blog","type":"rich","width":600,"height":338,"html":"<blockquote class=\"wp-embedded-content\" data-secret=\"SEtxEBqqhj\"><a href=\"https:\/\/www.crisis-discourse.net\/de\/2022\/06\/crisis-and-exceptionality\/\">Crisis and exceptionality<\/a><\/blockquote><iframe sandbox=\"allow-scripts\" security=\"restricted\" src=\"https:\/\/www.crisis-discourse.net\/de\/2022\/06\/crisis-and-exceptionality\/embed\/#?secret=SEtxEBqqhj\" width=\"600\" height=\"338\" title=\"&#8222;Crisis and exceptionality&#8220; &#8211; Crisis Discourse Blog\" data-secret=\"SEtxEBqqhj\" frameborder=\"0\" marginwidth=\"0\" marginheight=\"0\" scrolling=\"no\" class=\"wp-embedded-content\"><\/iframe><script type=\"text\/javascript\">\n\/* <![CDATA[ *\/\n\/*! This file is auto-generated *\/\n!function(d,l){\"use strict\";l.querySelector&&d.addEventListener&&\"undefined\"!=typeof URL&&(d.wp=d.wp||{},d.wp.receiveEmbedMessage||(d.wp.receiveEmbedMessage=function(e){var t=e.data;if((t||t.secret||t.message||t.value)&&!\/[^a-zA-Z0-9]\/.test(t.secret)){for(var s,r,n,a=l.querySelectorAll('iframe[data-secret=\"'+t.secret+'\"]'),o=l.querySelectorAll('blockquote[data-secret=\"'+t.secret+'\"]'),c=new RegExp(\"^https?:$\",\"i\"),i=0;i<o.length;i++)o[i].style.display=\"none\";for(i=0;i<a.length;i++)s=a[i],e.source===s.contentWindow&&(s.removeAttribute(\"style\"),\"height\"===t.message?(1e3<(r=parseInt(t.value,10))?r=1e3:~~r<200&&(r=200),s.height=r):\"link\"===t.message&&(r=new URL(s.getAttribute(\"src\")),n=new URL(t.value),c.test(n.protocol))&&n.host===r.host&&l.activeElement===s&&(d.top.location.href=t.value))}},d.addEventListener(\"message\",d.wp.receiveEmbedMessage,!1),l.addEventListener(\"DOMContentLoaded\",function(){for(var e,t,s=l.querySelectorAll(\"iframe.wp-embedded-content\"),r=0;r<s.length;r++)(t=(e=s[r]).getAttribute(\"data-secret\"))||(t=Math.random().toString(36).substring(2,12),e.src+=\"#?secret=\"+t,e.setAttribute(\"data-secret\",t)),e.contentWindow.postMessage({message:\"ready\",secret:t},\"*\")},!1)))}(window,document);\n\/\/# sourceURL=https:\/\/www.crisis-discourse.net\/wp-includes\/js\/wp-embed.min.js\n\/* ]]> *\/\n<\/script>\n","description":"Dieser Beitrag diskutiert den Begriff der \u201eKrise\u201c, kl\u00e4rt seine Beziehungen zum Ausnahmezustand und hinterfragt die Brauchbarkeit des Krisenbegriffs im Kontext von Corona. Anhand einer Begriffskl\u00e4rung wird argumentiert, dass Notfallma\u00dfnahmen mit Krisen Hand in Hand gehen. Die \u00dcberschneidung von Krisenpolitik und Politik des Ausnahmezustands erschwert unsere analytischen M\u00f6glichkeiten und legt nahe, beim Nachdenken \u00fcber Krisen dem Handlungsverm\u00f6gen mehr Aufmerksamkeit zu schenken. Es wird eine kritische Lesart des Ausnahmezustands vorgeschlagen, die sich vor allem auf die Arbeiten von Agamben und Neocleous st\u00fctzt, um die Brauchbarkeit des Krisenbegriffs im aktuellen Kontext zu erhellen."}

Dieser Beitrag diskutiert den Begriff der „Krise“, klärt seine Beziehungen zum Ausnahmezustand und hinterfragt die Brauchbarkeit des Krisenbegriffs im Kontext von Corona. Anhand einer Begriffsklärung wird argumentiert, dass Notfallmaßnahmen mit Krisen Hand in Hand gehen. Die Überschneidung von Krisenpolitik und Politik des Ausnahmezustands erschwert unsere analytischen Möglichkeiten und legt nahe, beim Nachdenken über Krisen dem Handlungsvermögen mehr Aufmerksamkeit zu schenken. Es wird eine kritische Lesart des Ausnahmezustands vorgeschlagen, die sich vor allem auf die Arbeiten von Agamben und Neocleous stützt, um die Brauchbarkeit des Krisenbegriffs im aktuellen Kontext zu erhellen.
